mainder when 61807 is divided by 1507.
20
What is the remainder when 861391 is divided by 861361?
30
Calculate the remainder when 345846 is divided by 637.
592
What is the remainder when 2613716 is divided by 138?
134
What is the remainder when 142565588 is divided by 98?
88
What is the remainder when 243196258 is divided by 74?
68
What is the remainder when 20169197 is divided by 86?
47
Calculate the remainder when 1435943 is divided by 11.
3
Calculate the remainder when 3120733 is divided by 1040239.
16
What is the remainder when 1669096 is divided by 72569?
9
What is the remainder when 28222 is divided by 3952?
558
Calculate the remainder when 94165884 is divided by 251.
222
What is the remainder when 107714972 is divided by 106?
104
What is the remainder when 672503 is divided by 4686?
2405
Calculate the remainder when 771918 is divided by 21432.
366
What is the remainder when 7609301 is divided by 1521855?
26
Calculate the remainder when 2461289 is divided by 246127.
19
Calculate the remainder when 13571 is divided by 1038.
77
Calculate the remainder when 48927870 is divided by 489.
486
Calculate the remainder when 9588202 is divided by 13717.
19
What is the remainder when 35482507 is divided by 11827494?
25
What is the remainder when 65407631 is divided by 135?
131
What is the remainder when 4134952 is divided by 28?
24
What is the remainder when 108053 is divided by 496?
421
What is the remainder when 106751 is divided by 5609?
180
Calculate the remainder when 6881711 is divided by 614.
613
What is the remainder when 3154579 is divided by 427?
330
What is the remainder when 126334 is divided by 1095?
409
What is the remainder when 31841 is divided by 1488?
593
Calculate the remainder when 585723 is divided by 512.
507
What is the remainder when 6994581 is divided by 12?
9
What is the remainder when 48716 is divided by 16094?
434
Calculate the remainder when 3339336 is divided by 2837.
187
What is the remainder when 271887 is divided by 2265?
87
What is the remainder when 12983746 is divided by 2788?
30
What is the remainder when 6796727 is divided by 3398363?
1
Calculate the remainder when 1889470 is divided by 415.
390
What is the remainder when 12387475 is divided by 33?
1
Calculate the remainder when 178343800 is divided by 59447931.
7
What is the remainder when 18526 is divided by 9255?
16
Calculate the remainder when 122472 is divided by 59578.
3316
What is the remainder when 54232 is divided by 26916?
400
Calculate the remainder when 1788314 is divided by 1788244.
70
What is the remainder when 25961 is divided by 12934?
93
What is the remainder when 34523 is divided by 231?
104
What is the remainder when 18841424 is divided by 80?
64
Calculate the remainder when 47462905 is divided by 1614.
7
What is the remainder when 1315920 is divided by 7?
4
What is the remainder when 60685953 is divided by 15171486?
9
Calculate the remainder when 670881 is divided by 9187.
230
What is the remainder when 10822397 is divided by 644?
621
What is the remainder when 247556942 is divided by 1192?
1190
What is the remainder when 175159 is divided by 35013?
94
Calculate the remainder when 102050 is divided by 475.
400
What is the remainder when 334421253 is divided by 37?
9
What is the remainder when 1517618 is divided by 505846?
80
Calculate the remainder when 719226 is divided by 7051.
24
Calculate the remainder when 9671130 is divided by 9671094.
36
Calculate the remainder when 2520084 is divided by 8.
4
What is the remainder when 523945 is divided by 29106?
37
What is the remainder when 8876 is divided by 7272?
1604
What is the remainder when 2040872 is divided by 2040857?
15
What is the remainder when 3780131937 is divided by 11532?
11529
What is the remainder when 39479487 is divided by 236?
227
Calculate the remainder when 75382 is divided by 24414.
2140
Calculate the remainder when 136238998 is divided by 72046.
12
What is the remainder when 44467250 is divided by 14822409?
23
What is the remainder when 791949 is divided by 112?
109
What is the remainder when 657331 is divided by 732?
727
What is the remainder when 1456348 is divided by 35?
33
What is the remainder when 214919 is divided by 10037?
4142
What is the remainder when 2901492 is divided by 193421?
177
What is the remainder when 1973667 is divided by 688?
483
Calculate the remainder when 53557080 is divided by 116.
112
Calculate the remainder when 36590089 is divided by 814.
789
What is the remainder when 340630 is divided by 6811?
80
What is the remainder when 1108077 is divided by 14201?
399
What is the remainder when 287222 is divided by 95721?
59
Calculate the remainder when 600704 is divided by 66715.
269
Calculate the remainder when 28161950 is divided by 26.
24
Calculate the remainder when 719966 is divided by 2624.
990
Calculate the remainder when 3005316 is divided by 9025.
9016
What is the remainder when 4178613 is divided by 195?
153
What is the remainder when 4271618 is divided by 2135792?
34
Calculate the remainder when 199775941 is divided by 6054.
6049
What is the remainder when 87336114 is divided by 33?
30
What is the remainder when 38177066 is divided by 262?
260
What is the remainder when 3206067 is divided by 493?
88
What is the remainder when 51913013 is divided by 382?
359
Calculate the remainder when 31208973 is divided by 3298.
3297
What is the remainder when 842253 is divided by 2529?
96
Calculate the remainder when 76378878 is divided by 19665.
18
Calculate the remainder when 30853 is divided by 10255.
88
What is the remainder when 14692090 is divided by 16?
10
Calculate the remainder when 2155356 is divided by 1520.
1516
Calculate the remainder when 791620 is divided by 213.
112
Calculate the remainder when 153945529 is divided by 36231.
10
What is the remainder when 3247533 is divided by 629?
6
What is the remainder when 44069 is divided by 6227?
480
What is the remainder when 328912 is divided by 2202?
814
Calculate the remainder when 11912322 is divided by 3134.
3122
Calculate the remainder when 3741430 is divided by 467586.
742
What is the remainder when 6412384 is divided by 5269?
11
What is the remainder when 32112 is divided by 3005?
2062
What is the remainder when 191088 is divided by 184?
96
Calculate the remainder when 1591162 is divided by 3176.
3162
What is the remainder when 13981 is divided by 1673?
597
What is the remainder when 15827302 is divided by 82?
72
What is the remainder when 154942 is divided by 241?
220
Calculate the remainder when 15373306 is divided by 7686653.
0
What is the remainder when 330821 is divided by 6848?
2117
Calculate the remainder when 12474560 is divided by 158.
144
Calculate the remainder when 96096 is divided by 47823.
450
Calculate the remainder when 13307990 is divided by 19.
10
Calculate the remainder when 4486972 is divided by 1830.
1642
What is the remainder when 111730 is divided by 1254?
124
What is the remainder when 1240199 is divided by 312?
311
Calculate the remainder when 36614 is divided by 1206.
434
Calculate the remainder when 22863086 is divided by 22863047.
39
What is the remainder when 29867 is divided by 29770?
97
What is the remainder when 1784461 is divided by 120?
61
What is the remainder when 1568248 is divided by 102?
100
Calculate the remainder when 2709628 is divided by 409.
3
Calculate the remainder when 76215471 is divided by 4738.
3
Calculate the remainder when 97474757 is divided by 7003.
0
Calculate the remainder when 470960 is divided by 1232.
336
Calculate the remainder when 3151849 is divided by 16.
9
Calculate the remainder when 55393 is divided by 55343.
50
Calculate the remainder when 57337 is divided by 28517.
303
Calculate the remainder when 10607846 is divided by 591.
578
Calculate the remainder when 5813500157 is divided by 9.
8
Calculate the remainder when 5334673 is divided by 4.
1
What is the remainder when 650640 is divided by 1304?
1248
What is the remainder when 725263 is divided by 20133?
475
What is the remainder when 48302386 is divided by 88?
66
What is the remainder when 3244775 is divided by 3132?
23
What is the remainder when 4023113 is divided by 2170?
2103
What is the remainder when 79006961 is divided by 1678?
9
What is the remainder when 431502 is di